termine u(-8).
2
Let y(o) = 2*o**3 + 2*o**2 - 2*o - 2. Suppose 0 = -2*p - 3*p - 15. Let x = p + 1. Calculate y(x).
-6
Let u(p) = 3*p**2 + 2 - p - 3 + 0*p**2. Let r(i) = i**2 + 3*i - 5. Suppose -2*k + 3*f = 14, -3*f + 5*f = 4. Let m be r(k). What is u(m)?
3
Suppose 0*v + 2*b = v - 2, -5*v = -4*b - 28. Let g(h) = h + h**3 - 2 - 2*h**2 - v + 10. What is g(1)?
0
Let w(i) = -2 - 7*i**3 + 2*i**3 + 1. Determine w(1).
-6
Suppose -5*i + 6*i = 0. Suppose 3*g + 3*p = 12, -2*g + 4*p + 5 + 3 = i. Suppose r + 0*r + g = 0. Let c(f) = -f**2 - 5*f - 4. Determine c(r).
0
Let n(s) be the second derivative of s**7/2520 - s**6/144 + s**5/40 + s**4/4 - s. Let b(y) be the third derivative of n(y). Calculate b(4).
-1
Let u be (10/(-4))/((-2)/(-4)). Let i(k) = 0*k + 2*k - k. Let j be i(u). Let g(r) = -r**2 - 5*r + 2. What is g(j)?
2
Let x(c) = c**3 - c - 2. Let l = 11 + -3. Suppose -3 = -2*h - p, 3*h = -2*h - 2*p + l. Determine x(h).
4
Suppose -k + 0*k = 3*o - 12, 0 = 2*o - 4*k - 8. Let h(u) be the second derivative of -u**3/6 - u. What is h(o)?
-4
Let r(y) = y**2 + 5*y - 3. Let t be -2 + (-1 - (0 + 1)). Determine r(t).
-7
Suppose 0 = -3*f - 1 - 14. Let h(q) = q**3 + 5*q**2 + q + 3. Calculate h(f).
-2
Let t(r) = 6 + 2*r**2 - 3 - r**2 - 4*r. Suppose 5*q - 6 - 9 = 0. Determine t(q).
0
Suppose -m + v + 2 = 2*v, 0 = 2*m - v + 2. Let x(y) = y + 1. Let a be x(m). Let q(f) = -3*f + 1. Determine q(a).
-2
Let y(z) be the third derivative of -z**6/120 + z**5/12 + z**3 - z**2. Let f be 4 + 16/(1 - -1). Let r(o) = -o + 17. Let q be r(f). Determine y(q).
6
Let l(d) be the second derivative of d**7/2520 - d**6/180 + d**5/60 - d**4/12 + 2*d. Let j(q) be the third derivative of l(q). What is j(3)?
-1
Let k be -1 + (0 - 3/(-1)). Let g(v) = v**k + 4*v**2 - 3*v + 1 - 4*v**2. Let t(s) = s**3 - 2*s**2 + 4*s - 3. Let o be t(2). Give g(o).
11
Let l be (-12)/(-66) - 64/(-11). Let u(t) = l*t - 4*t**2 - 1 + 3*t - 9*t. What is u(1)?
-5
Let z(b) be the third derivative of -3*b**6/40 + b**5/60 + 2*b**2. Let d(w) be the second derivative of -w**3/6 + 3*w**2/2 + w. Let f be d(4). Calculate z(f).
10
Let y(q) = -q**2 - 6. Let w be (-2)/(-4)*(-6 - -6). Suppose 0*d - 4*d = w. Calculate y(d).
-6
Let n(j) = 3*j**2 - 2*j + 1. Let b = -2 - -1. Let l be 1/(-1) + (-2)/b. Calculate n(l).
2
Suppose -p = -2*p. Suppose c - 5*g = -0*c + 30, p = -5*c + g + 30. Let l(v) = v**3 - 6*v**2 + 5*v - 5. What is l(c)?
-5
Let f(x) = 2*x**2 + 3*x**2 - 4*x**3 - x**2 - 3*x**2. Let a(g) = 5*g**3 - g**2. Let b(h) = 5*a(h) + 6*f(h). Give b(-2).
-4
Let p be 20/(-6)*(-6)/4. Let h(r) = -r + p - 4*r**2 + 3 + 3*r**2. Calculate h(0).
8
Let n(w) = w**2 + 3*w + 1. Suppose -5*p + 10*p = -30. Calculate n(p).
19
Let d(z) = -z**3 + 2*z**2 + 3. Let j be d(2). Let c(m) be the first derivative of 5/3*m**j - 1/2*m**2 + 1 + 0*m. Determine c(-1).
6
Let a(s) = -1 - s + 2 + 7 + s**3 - 6*s**2. What is a(6)?
2
Let c(y) = -y**2 + 5. Let n(k) = -4 - 6*k + 2*k + 3*k. Suppose 2*q = -2*q. Let b be n(q). Determine c(b).
-11
Let n(w) = -2*w - 41. Let b be n(-18). Let c(j) = j + 5. Give c(b).
0
Let y(d) = d**2 + 4*d. Let c = -27 + 19. Let v = c - -5. Determine y(v).
-3
Let f(v) = 5*v - 5*v**2 + 3 - 6 + 0 + 4*v**2. Suppose -4*r + 3*u - 2*u + 19 = 0, -r + 10 = -2*u. What is f(r)?
1
Let f = -7 + 11. Suppose 7 + 1 = -f*i. Let z(a) be the first derivative of -a**3/3 + a + 4. Determine z(i).
-3
Let u(v) be the third derivative of -v**6/30 - v**5/60 + v**3/6 - 5*v**2. Give u(-1).
4
Let b(p) be the third derivative of -p**5/30 + 3*p**2. Calculate b(-1).
-2
Let i be (4/(-6))/(1/9). Let f(a) be the first derivative of -a**4/4 - 5*a**3/3 + 7*a**2/2 + 5*a - 49. Give f(i).
-1
Let j(h) = h. Let b(g) = -7*g - 4. Let w(n) = -b(n) - 6*j(n). Let l be w(-4). Let c(m) = 5 - 6*m**2 + 2*m + l*m + 3*m + m**3. Give c(5).
5
Let m(h) = 2*h + 4*h + 0*h - 5*h + 3. Let y = -5 + 1. Give m(y).
-1
Let n(q) = -q**3 - q**2 + 2*q + 3. Let i(z) be the third derivative of -z**4/24 - 7*z**3/3 - 2*z**2. Let d be i(-12). Give n(d).
3
Let l(p) = -2*p - 5. Let c be 6/(-2) - (6 + -4). What is l(c)?
5
Let t = 3 - 1. Suppose 5*j = t*k - 8, 3*k = 4*j + 13 - 1. Let h(p) = -5*p**2 + 1 + 4*p + 3 + k*p**2. Calculate h(5).
-1
Let u be 7 - 3/(9/6). Let c(j) = u + j + 0*j + j. Calculate c(-5).
-5
Let v(p) = p**2 - 2*p + 3. Suppose -6 = t + c, 2*t + 12 = 4*t - 4*c. Let i = t - -3. Let q be 5/i - (-6)/(-2). Give v(q).
3
Let i(t) be the third derivative of t**6/40 - t**5/120 + 2*t**3/3 - 5*t**2. Let u(q) be the first derivative of i(q). Calculate u(-1).
10
Let k(p) = p + 1. Let z(v) = 4*v + 6. Suppose 0 = -3*w + 5*m - 29, w + 4*m = 4*w + 25. Let j(y) = w*k(y) + z(y). Let t = 43 - 38. Determine j(t).
8
Let m be 20/4 + -2 + 0. Let l = m - 7. Let w(i) be the third derivative of -i**6/120 - i**5/20 + i**4/12 - 2*i**3/3 - i**2. What is w(l)?
4
Let t be -4*(-3)/2 + 0. Suppose t*b + 25 = b. Let h(n) = -n**2 - n. Let i(x) = -x**3 - 6*x**2 - 3*x - 5. Let q(r) = -h(r) + i(r). Give q(b).
5
Let r be -2*(-126)/28*2/6. Let s(z) = -z**2 + 3*z + 1. Calculate s(r).
1
Suppose 4*q - 9*q = -10. Let o(b) = b**2 - b**2 + 0*b**q + 2*b + 1 + b**2. Determine o(-2).
1
Let t(c) be the third derivative of -c**6/120 - c**5/30 + c**4/24 - c**3/2 - c**2. Determine t(-3).
3
Let x be -6 - 1/(2/(-8)). Let t(i) = i**2 + i - 1. Give t(x).
1
Let q(k) be the second derivative of -k**5/10 + k**4/6 - k**3/6 - k**2/2 - 13*k. Calculate q(2).
-11
Let v(z) = 14*z**2 - 35*z + 1. Let u(x) = 5*x**2 - 12*x. Let k(f) = -17*u(f) + 6*v(f). What is k(-6)?
6
Suppose -w = -5*w + 5*l - 9, -2*l = -w - 6. Let a be ((-2)/(-3))/(6/27). Let q(o) = 2 - 3*o**3 + o**a + o**3 + 5*o**2 - 4*o - 4. What is q(w)?
-2
Let x be (3 + -1)/(4/(-6)). Let s be (-2)/x - (-1)/3. Let l(b) = -2*b + 3*b**2 + 6*b - s - 2*b**2. Calculate l(-4).
-1
Let k(m) = 7*m**2 + 5*m - m**3 - 3 + 4*m**3 - 3 - 2*m**3. Let w be k(-6). Let x(g) = -g + 2. Give x(w).
2
Let n(z) = -z**3 - 6*z**2 - 5*z - 2. Let x be n(-5). Suppose 3*q + 96 = 5*j, -2*q + 50 = 5*j - 2*j. Let r(g) = j - 18 - 2*g - g**2. Calculate r(x).
0
Let h(y) = -y**3 + 3*y**2 - 2*y + 3. Let a = -34 - -37. What is h(a)?
-3
Let w = 0 - 2. Let m(c) = -2*c**2 + 33 - 17 - 2*c + c**2 - 15. Give m(w).
1
Let r(y) = y**3 - 16*y**2 + 14*y + 13. Let p be r(15). Let f(o) = o**2 + o. What is f(p)?
2
Suppose 0 = 5*c - 8 + 38. Let f(v) = -v**3 - 6*v**2 - v - 3. What is f(c)?
3
Let c be (-64)/(-10) + 22/(-55). Let h(n) = -n**3 + 5*n**2 + 5*n - 7. What is h(c)?
-13
Let g(c) be the first derivative of c**5/120 - c**4/3 - 2*c**3/3 - 2. Let x(f) be the third derivative of g(f). Give x(4).
-4
Let s(x) = -17*x**3 + 2*x**2 - 1. Let m be (-4)/(-6) - 10/(-30). Calculate s(m).
-16
Let x(i) = -3*i**2 + 6*i - 5*i + 6*i**2 - i**2. Suppose -4*y - w = 0, 17 = -5*y + 3*w - 0*w. Determine x(y).
1
Let s(u) = -6*u**2 + u. Let z(r) = -4*r + 19. Let t be z(5). What is s(t)?
-7
Let i(d) = 28 - 1 + 3*d - 23 - d**2. Give i(3).
4
Suppose -3*c + 25 = 2*c, -3*x - 4*c = -35. Let z(g) be the first derivative of 1/4*g**4 + 2*g**2 - 3*g - 2*g**3 + 4. Calculate z(x).
-8
Let k be (-10 - -7)*(-2)/(-6). Let a(w) = 10*w - 1. Determine a(k).
-11
Suppose -4*s = -s + 5*w + 13, w = -4*s - 23. Let f(g) = g + 6. What is f(s)?
0
Suppose 2*i = 3*a + 6, -i - 4 = a - 2. Let t be (-1)/(-3) - a/3. Let o be (-1 - 0)*-1*t. Let c(v) = 5*v**3 - v**2 - v + 1. Calculate c(o).
4
Let k = -47 - -44. Let l(o) = -3*o**3 - 1. Let b be l(-1). Let h(a) = -a**2 - a**2 + a**b - 2*a. Give h(k).
-3
Let l(d) = d**3 - 3*d**2 + 2*d - 3. Let k = 8 - 4. Suppose -4*h + k = -3*h. Let a be 2 - (-2 + h + -2). Determine l(a).
-3
Let q(h) be the second derivative of h**5/20 - 5*h**4/12 + 2*h**3/3 + 3*h**2/2 - 2*h. Suppose -z - 2*z - 4*t - 17 = 0, 3*z - 5*t = 1. Let w = 7 + z. Give q(w).
3
Let y(u) = -u - 6. Let i be y(-7). Let n(d) = -3 - 9*d + 3 - 1. Calculate n(i).
-10
Suppose z - 8 = -3*z. Suppose u + 0 = z. Let j(c) = c**2 - 4*c + 2. Calculate j(u).
-2
Let h(s) be the second derivative of -s**4/12 - 5*s**3/6 - s**2 - 9*s. Calculate h(-2).
4
Let r(g) = g + 6. Suppose 5*d = -3 - 22. What is r(d)?
1
Suppose 3*f + 5 = 4*f. Suppose -f*h = -4*h - 2. Let j(s) = 4*s + 2. What is j(h)?
10
Suppose 2*g + 4 = -0*g + 2*q, 12 = 3*q. Let x(p) = -p - 1 + g*p - 7 + 1. Determine x(4).
-3
Let j(h) = 2*h**3 - h**2 - 4*h + 3. Let x be (-6)/(-15) + (-